{"id":73,"date":"2025-01-22T08:48:27","date_gmt":"2025-01-22T08:48:27","guid":{"rendered":"https:\/\/cyber-conf.com\/icspn2025\/?page_id=73"},"modified":"2025-01-22T08:52:26","modified_gmt":"2025-01-22T08:52:26","slug":"committees","status":"publish","type":"page","link":"https:\/\/cyber-conf.com\/icspn2025\/committees\/","title":{"rendered":"Committees"},"content":{"rendered":"\t\t<div data-elementor-type=\"wp-page\" data-elementor-id=\"73\" class=\"elementor elementor-73\">\n\t\t\t\t<div class=\"elementor-element elementor-element-053d1e1 e-flex e-con-boxed e-con e-parent\" data-id=\"053d1e1\" data-element_type=\"container\" data-e-type=\"container\">\n\t\t\t\t\t<div class=\"e-con-inner\">\n\t\t<div class=\"elementor-element elementor-element-a3d0dea e-con-full e-flex e-con e-child\" data-id=\"a3d0dea\" data-element_type=\"container\" data-e-type=\"container\">\n\t\t\t\t<\/div>\n\t\t<div class=\"elementor-element elementor-element-2194a50 e-con-full e-flex e-con e-child\" data-id=\"2194a50\" data-element_type=\"container\" data-e-type=\"container\">\n\t\t\t\t<div class=\"elementor-element elementor-element-166c104 elementor-widget elementor-widget-heading\" data-id=\"166c104\" data-element_type=\"widget\" data-e-type=\"widget\" data-widget_type=\"heading.default\">\n\t\t\t\t<div class=\"elementor-widget-container\">\n\t\t\t\t\t<h1 class=\"elementor-heading-title elementor-size-default\">Committees<\/h1>\t\t\t\t<\/div>\n\t\t\t\t<\/div>\n\t\t\t\t<div class=\"elementor-element elementor-element-c0a8628 elementor-widget elementor-widget-text-editor\" data-id=\"c0a8628\" data-element_type=\"widget\" data-e-type=\"widget\" data-widget_type=\"text-editor.default\">\n\t\t\t\t<div class=\"elementor-widget-container\">\n\t\t\t\t\t\t\t\t\t<h2><strong>Honorary Chair:<\/strong><\/h2><p style=\"padding-left: 40px;\">Amiya Nayak, Professor, University of Ottawa, Canada<\/p><p style=\"padding-left: 40px;\">Xiang Yang, Swinburne Institute of Technology Australia<\/p><p style=\"padding-left: 40px;\">Valentina E. Balas, Aurel Vlaicu University of Arad, Romania<br \/>Zhili Zhou, Nanjing University of Information Science and Technology, NUIST, China<\/p><p style=\"padding-left: 40px;\">Michael Sheng, Macquarie University, Sydney, Australia<\/p><p>\u00a0<\/p><h2><strong>General Chair:<\/strong><\/h2><p style=\"padding-left: 40px;\">Nadia Nedjah, State University of Rio de Janeiro, Brazil<\/p><p style=\"padding-left: 40px;\">Ammar Almomani, Skyline University College, Sarjah, UAE<\/p><p>\u00a0<\/p><h2><strong>Conference Chairs<\/strong><\/h2><p style=\"padding-left: 40px;\">Gregorio Martinez Perez, University of Murcia (UMU), Spain<\/p><p style=\"padding-left: 40px;\">Brij B. Gupta, Asia University, Taiwan<\/p><p style=\"padding-left: 40px;\">Kwok Tai Chui, Hong Kong Metropolitan University, Hong Kong<\/p><p>\u00a0<\/p><h2><strong>Publicity Chairs<\/strong><\/h2><p style=\"padding-left: 40px;\">Priyanka Chaurasia, University of Ulster, UK<\/p><p style=\"padding-left: 40px;\">Francesco Colace, University of Salerno, Italy<\/p><p>\u00a0<\/p><h2><strong>Publication Chairs<\/strong><\/h2><p style=\"padding-left: 40px;\">Francisco Jos\u00e9 Garc\u00eda-Pe\u00f1alvo, University of Salamanca, Spain<\/p><p style=\"padding-left: 40px;\">Wadee Alhalabi, Department of Computer Science, KAU, Saudi Arabia<\/p><p>\u00a0<\/p><h2><strong>Industry Chairs<\/strong><\/h2><p style=\"padding-left: 40px;\">Dragan Perakovi\u0107, University of Zagreb, Croatia<\/p><p style=\"padding-left: 40px;\">Sugam Sharma, Founder &amp; CEO, eFeed-Hungers.com, USA<\/p><p style=\"padding-left: 40px;\">Mounir El Khatib, Hamdan Bin Mohamad Smart University, Dubai<\/p><p style=\"padding-left: 40px;\">Deepak Gupta, Founder and CEO, LoginRadius Inc., Canada<\/p><p>\u00a0<\/p><h2><strong>Technical Program Committee<\/strong><\/h2><p style=\"padding-left: 40px;\"><br \/>Chinthaka Premachandra, Shibaura Institute of Technology, Japan<br \/>Mohammed Ali, University of Manchester, UK<br \/>Daniel Palacios, Polytechnic University of Valencia, Spain<br \/>Kuan-Ching Li, Providence University, Taiwan<br \/>Milad Taleby Ahvanooey, Nanjing University (NJU), China<br \/>Syed Taqi Ali, Visvesvaraya National Institute of Technology Nagpur, India<br \/>Perumal, Universiti Putra Malaysia (UPM), Malaysia<br \/>Steven Furnell, University of Plymouth. Devon, UK<br \/>Vincenzo Piuri, University of Milan, Italy<br \/>Shingo Yamaguchi, Yamaguchi University, Japan<br \/>Yogarajah Pratheepan, University of Ulster, UK<br \/>Srivathsan Srinivasagopalan, AT&amp;T, USA<br \/>Suresh Veluru, United Technologies Research Centre Ireland, Ltd., Ireland<br \/>Imad Jawhar, Al Maaref University, Beirut, Lebanon<br \/>Rajhans Mishra, Indian Institute of Management Indore, India<br \/>Shingo Yamaguchi, Yamaguchi University, Japan<br \/>Richa Awasthy, University of Canberra, Australia<br \/>Srivathsan Srinivasagopalan, AT&amp;T, USA<br \/>Kennedy Okafor, Federal University of Technology, Owerri, Nigeria<br \/>Sugam Sharma, Iowa State University, United States<br \/>Sanjeev Sondur, Temple University, Pennsylania, USA<br \/>Suresh Veluru, United Technologies Research Centre Ireland, Ltd., Ireland<br \/>Manoj Gupta, SMVDU, Katra, Jammu and Kashmir, India<br \/>Francesco Palmieri, University of Selerno, Italy<br \/>P. sharma, NIT Hamirpur<br \/>Sasikumaran Sreedharan, Academic accreditation and HRD Associates Pvt Ltd (AACHA), India<br \/>Wei Wei, Xi\u2019an University of Technology, China<br \/>Christian Esposito, University of Naples \u201cFederico II\u201d, Italy<br \/>Pethuru Raj, Vice President, Reliance Jio Infocomm. Ltd (RJIL), India<br \/>Valentina E. Balas, Aurel Vlaicu University of Arad, Romania<br \/>K. Gupta, Indian Institute of Technology Delhi, India<br \/>Mouna jouini, SMART Laboratory, University of Tunis, Tunisia<br \/>K. Singh, IIT BHU, Varanasi, India<br \/>Zhiyong Zhang, Henan University of Science and Technology, China<br \/>Kostas Psannis, UoM, Thessaloniki, Greece<br \/>Ajey Kumar, Symbiosis Centre for Information Technology (SCIT), Symbiosis International University, Pune, India<br \/>Arcangelo Castiglione, University of Salerno, Italy<br \/>Angela Amphawan, University Malaysia, Malaysia<br \/>Phuc Do, University of Information Technology, Vietnam<br \/>Balwinder Raj, NIT Jalandhar, Punjab, India<br \/>Virendra Bhavsar, Univ. of New Brunswick, Canada<br \/>Justin Zhang, University of North Florida, USA<br \/>Nicolas Sklavos, University of Patras, Greece<br \/>Alok Goel, CSIR HRD Centre, India<br \/>Virendra Bhavsar, Univ. of New Brunswick, Canada<br \/>Ahmed M. Manasrah Higher colleges of Technology, Sharjah, UAE<br \/>Jin Li, Gunagzhou University, China<br \/>Francisco Jos\u00e9 Garc\u00eda-Pe\u00f1alvo, University of Salamanca, Spain<br \/>Mohammad shojafar, University of Surrey, UK<br \/>Mucheol Kim, Chungang university, Seoul, South, Korea<br \/>Anagha Jamthe, University of Texas, Austin, USA<br \/>Nalin A.G. Arachchilage, La Trobe University, Australia<br \/>Arcangelo Castiglione, University of Salerno, Fisciano, Salerno, Italy<br \/>Xiaojun Chang, Monash University Clayton Campus, Australia<br \/>Marjan Kuchaki Rafsanjani, Shahid Bahonar University of Kerman, Kerman, Iran<\/p><p style=\"padding-left: 40px;\">\u00a0<\/p><p>\u00a0<\/p><p>\u00a0<\/p>\t\t\t\t\t\t\t\t<\/div>\n\t\t\t\t<\/div>\n\t\t\t\t<\/div>\n\t\t<div class=\"elementor-element elementor-element-1574d32 e-con-full e-flex e-con e-child\" data-id=\"1574d32\" data-element_type=\"container\" data-e-type=\"container\">\n\t\t\t\t<\/div>\n\t\t\t\t\t<\/div>\n\t\t\t\t<\/div>\n\t\t\t\t<\/div>\n\t\t","protected":false},"excerpt":{"rendered":"<p>Committees Honorary Chair: Amiya Nayak, Professor, University of Ottawa, Canada Xiang Yang, Swinburne Institute of Technology Australia Valentina E. Balas, Aurel Vlaicu University of Arad, RomaniaZhili Zhou, Nanjing University of Information Science and Technology, NUIST, China Michael Sheng, Macquarie University, Sydney, Australia \u00a0 General Chair: Nadia Nedjah, State University of Rio de Janeiro, Brazil Ammar<a class=\"more-link\" href=\"https:\/\/cyber-conf.com\/icspn2025\/committees\/\">Continue reading <span class=\"screen-reader-text\">&#8220;Committees&#8221;<\/span><\/a><\/p>\n","protected":false},"author":1,"featured_media":0,"parent":0,"menu_order":0,"comment_status":"closed","ping_status":"closed","template":"elementor_header_footer","meta":{"footnotes":""},"class_list":["post-73","page","type-page","status-publish","hentry","entry"],"_links":{"self":[{"href":"https:\/\/cyber-conf.com\/icspn2025\/wp-json\/wp\/v2\/pages\/73","targetHints":{"allow":["GET"]}}],"collection":[{"href":"https:\/\/cyber-conf.com\/icspn2025\/wp-json\/wp\/v2\/pages"}],"about":[{"href":"https:\/\/cyber-conf.com\/icspn2025\/wp-json\/wp\/v2\/types\/page"}],"author":[{"embeddable":true,"href":"https:\/\/cyber-conf.com\/icspn2025\/wp-json\/wp\/v2\/users\/1"}],"replies":[{"embeddable":true,"href":"https:\/\/cyber-conf.com\/icspn2025\/wp-json\/wp\/v2\/comments?post=73"}],"version-history":[{"count":4,"href":"https:\/\/cyber-conf.com\/icspn2025\/wp-json\/wp\/v2\/pages\/73\/revisions"}],"predecessor-version":[{"id":78,"href":"https:\/\/cyber-conf.com\/icspn2025\/wp-json\/wp\/v2\/pages\/73\/revisions\/78"}],"wp:attachment":[{"href":"https:\/\/cyber-conf.com\/icspn2025\/wp-json\/wp\/v2\/media?parent=73"}],"curies":[{"name":"wp","href":"https:\/\/api.w.org\/{rel}","templated":true}]}}